{"id":194,"date":"2016-06-14T15:48:58","date_gmt":"2016-06-14T13:48:58","guid":{"rendered":"https:\/\/www.mortsdelarue.brussels\/structure-et-partenaires\/"},"modified":"2024-03-25T12:26:03","modified_gmt":"2024-03-25T11:26:03","slug":"structure-et-partenaires","status":"publish","type":"page","link":"https:\/\/www.mortsdelarue.brussels\/nl\/apropos\/structure-et-partenaires\/","title":{"rendered":"Structuur en partners"},"content":{"rendered":"<p class=\"post_excerpt\"><img fetchpriority=\"high\" decoding=\"async\" class=\"aligncenter size-full wp-image-193\" src=\"https:\/\/www.mortsdelarue.brussels\/wp-content\/uploads\/2016\/06\/10390542_10152565253747938_5912757890260270163_n.jpg\" alt=\"10390542_10152565253747938_5912757890260270163_n.jpg\" align=\"center\" width=\"960\" height=\"720\" \/><br \/>\nService de police, administration de l\u2019\u00e9tat civil, services sociaux des h\u00f4pitaux, morgues, ambassades, m\u00e9decins l\u00e9gistes, laboratoires, travailleurs sociaux de tous horizons, b\u00e9n\u00e9voles des associations, sans-abris, citoyens lambda, voil\u00e0 tous ceux qui se mobilisent pour faire en sorte que cette personne d\u00e9c\u00e9d\u00e9e ait juste acc\u00e8s \u00e0 son droit le plus \u00e9l\u00e9mentaire : \u00eatre enterr\u00e9e avec un nom, une nationalit\u00e9, et si possible, par ou avec sa famille, \u00e9ventuellement dans sa terre d\u2019origine.\n<\/p>\n<p><!--more--><br \/>\nLe travail du Collectif des Morts de la Rue c\u2019est un travail de fourmi.<br \/>\nRetrouver l\u2019identit\u00e9 de celui ou celle qui d\u00e9c\u00e8de, retrouver les personnes qui l\u2019ont connu(e), organiser l\u2019enterrement, se mettre en quatre pour que cette personne ne soit pas seule ce jour-l\u00e0, voil\u00e0 le travail au quotidien du collectif.<\/p>\n<p>Le Collectif est un r\u00e9seau largement ramifi\u00e9, qui se structure de la fa\u00e7on suivante : une <strong>coordination<\/strong>, le <strong>noyau<\/strong>, les <strong>membres<\/strong> de notre r\u00e9seau, le <strong>r\u00e9seau \u00e9largi<\/strong>.  Ce Collectif est une association de fait.<\/p>\n<ul>\n<li>           <strong> Le Noyau <\/strong> <\/li>\n<\/ul>\n<p>Le \u00ab noyau \u00bb est compos\u00e9 d\u2019(ex) habitants de la rue, de personnes concern\u00e9es (famille d\u2019une personne d\u00e9c\u00e9d\u00e9e apr\u00e8s un parcours de rue, par exemple), d&rsquo;artistes et d\u2019acteurs de terrain, qui se mobilisent r\u00e9guli\u00e8rement pour les diff\u00e9rentes actions. Parmi les organisations qui sont r\u00e9guli\u00e8rement repr\u00e9sent\u00e9es aux r\u00e9unions, on retrouve entre autres Albatros \u2013 CAW Brussel, ATD Quart Monde, Chez Nous asbl, Les Copains du Petit Bit\u00fbme asbl, Diog\u00e8nes asbl, Dune asbl, Les Educateurs de Rue de la Commune de Saint-Gilles, le Front Commun des SDF, Nativitas, La Ruelle, le Collectif des Po\u00e8tes Bruxellois,&#8230;<br \/>\nCes personnes et organisations donnent de leur temps pour participer aux r\u00e9unions, assister aux enterrements, pr\u00e9parer la c\u00e9r\u00e9monie annuelle.  Le temps investi par les uns et les autres est tr\u00e8s difficile \u00e0 estimer ; il varie, en outre, en fonction des moyens de chacun.  Soulignons encore que ces personnes et organisations sont fortement pr\u00e9sentes, et cela tout au long de l\u2019ann\u00e9e !<\/p>\n<ul>\n<li>             <strong>Coordination<\/strong><\/li>\n<\/ul>\n<p>La coordination de ce Collectif a au d\u00e9part \u00e9t\u00e9 assur\u00e9e par ATD Quart Monde, pendant une p\u00e9riode de 6 mois. Depuis mai 2005, c\u2019est l\u2019ASBL Diog\u00e8nes qui met \u00e0 disposition les ressources humaines et le soutien logistique n\u00e9cessaires \u00e0 la coordination du Collectif.<\/p>\n<ul>\n<li>             <strong>Les Membres<\/strong><\/li>\n<\/ul>\n<p>Notre groupe de membres s\u2019\u00e9tend continuellement. Tous les membres sont en contact  avec les habitants de la rue en R\u00e9gion Bruxelles Capitale, et souscrivent aux missions du Collectif.<\/p>\n<p>La plupart des membres font partie du secteur d\u2019aide aux personnes sans-abri, mais on y retrouve \u00e9galement des personnes sans-abri, des citoyens, des repr\u00e9sentants d\u2019autres associations, des repr\u00e9sentants des diff\u00e9rents cultes, des artistes,\u2026  Chaque membre est inscrit, via l\u2019adresse mail d\u2019une ou de plusieurs personnes, dans la mailing liste \u00ab R\u00e9seau \u00bb du Collectif, qui regroupe actuellement 142 contacts. Nous consid\u00e9rons cette mailing liste comme l\u2019\u00e9quivalent du registre des membres du Collectif. Les mails adress\u00e9s par le Collectif sont trait\u00e9s par nos personnes de contact, lesquelles sont de  v\u00e9ritables portes d\u2019entr\u00e9e vers d\u2019autres habitants de rue et v\u00e9hiculent l\u2019information au sein de leur propre organisation, mais aussi ailleurs dans le r\u00e9seau.<br \/>\nAvant de rejoindre notre r\u00e9seau de membres, chaque service ou personne est contact\u00e9 par la coordination du Collectif afin de recevoir une clarification des objectifs et des limites de notre action.<\/p>\n<p>Nous comptons : <\/p>\n<ul>\n<ul>\n<li> <em>67 Membres du secteur d\u2019aide aux personnes sans-abri (120 contacts email):<\/em><br \/>\n\tCentre Ariane, Arm\u00e9e du Salut \u2013 Foyer Georges Motte (2), Article 23, ATD Quart Monde (2), Bravvo, Buurtwinkel,  CAW Brussel &#8211; Albatros, CAW Brussel \u2013 l\u2019Arm\u00e9e du Salut \u2013 le Foyer (4),  CAW Brussel \u2013 Hobo, CAW Brussel \u2013 Kodiel, CAW Brussel \u2013 Outreach, CAW Brussel \u2013 Puerto (2), CAW Brussel \u2013 De Schutting (3), CAW Brussel &#8211; Vrienden van het huizeke, CAW Brussel \u2013 Woonbegeleiding, Chez Ailes, Chez Nous asbl, Le Clos, Les Copains du Ptit Bitume asbl, Corvia asbl,   l\u2019aDAS,  Diog\u00e8nes asbl (12 contacts), Doucheflux (2), Dune asbl (3), Educateurs de  Rue de la Commune d\u2019Etterbeek, Educateurs de Rue de la Commune de Saint-Gilles, Entre deux, Fami-Home asbl, La Fontaine (3), Front Commun des Sdf (2),  lhiving vzw, le Home Baudouin (2),  L\u2019h\u00f4pital C\u00e9sar de Paepe \u2013 Saint-Pierre (5), l\u2019H\u00f4pital Saint-Jean (2), Housing First Smes-B, Infirmiers de Rue (2), l\u2018Ilot, Jes vzw (2), Latitude Nord, La Maison M\u00e9dicale des Marolles (2), LaMass-Bxl (2), La Maraude de Saint-Josse, M\u00e9decins du Monde (6), Nativitas, Le nouveau 150,  Pag-asa, Petits Riens asbl (2), pierre d\u2019Angle (3), La Police Locale du Zone Bruxelles Capitale \u2013 Ixelles Team HERSCHAM, Poverello (2), le Projet Lama Anderlecht, Quartier des Libert\u00e9s (3), le Relais (2), La Ruelle, La Samaritaine, S.Ac.A.Do,  Sant-Egidio ou Kamiano (2),  le SAMU Social (4), SAS-CPAS 1000 Bruxelles, Securail, Smes-B, Solidarit\u00e9 nouvelles, La Source, la STRADA (3), Talita, Transit (2), Un Toit \u00e0 Soi asbl.  <\/li>\n<li> <em>5 Membres d\u2019autres organisations :<\/em><br \/>\n\tL\u2019Association pour les Inhumations et Cr\u00e9mations,  Axcent asbl, La Bande ASBL (2), Le Conseil Polonais de Belgique, Le Collectif des Po\u00e8tes Bruxellois.<\/li>\n<li> <em>8 Membres du monde interconvictionnel :<\/em><br \/>\nL&rsquo;\u00c9quipe Pastorale de l&rsquo;\u00c9glise du B\u00e9guinage, l&rsquo;\u00c9quipe Pastorale de l&rsquo;\u00c9glise de Bon Secours, le Service Aum\u00f4nerie de l\u2019H\u00f4pital Saint-Pierre \u2013 C\u00e9sar de Paepe, le service Aum\u00f4nerie de l\u2019H\u00f4pital Brugman \u2013 Paul Brien, le Service aum\u00f4nerie de l\u2019H\u00f4pital Saint-Jean (2), une S\u0153ur de Saint Vincent de Paul, une S\u0153ur de la Congr\u00e9gation des Franciscaines Missionnaires de Marie.<\/li>\n<li> <em>11 Citoyens :<\/em><br \/>\n11 citoyens sont impliqu\u00e9s en tant que membre dans le Collectif, parmi lesquels plusieurs  (ex)personnes sans-abri.<\/li>\n<\/ul>\n<\/li>\n<\/ul>\n<ul>\n<li>    \t<strong>Le R\u00e9seau Elargi<\/strong><\/li>\n<\/ul>\n<p>\tDans le cadre de ses activit\u00e9s, le Collectif est en lien avec encore bien d\u2019autres acteurs. Le nombre total des personnes impliqu\u00e9es est difficile \u00e0 estimer. Ci-dessous, les principales collaborations sont d\u00e9taill\u00e9es.<\/p>\n<ul>\n<ul>\n<li> <em>Les habitants de la rue de la R\u00e9gion Bruxelloise<\/em><br \/>\nLe Collectif est un r\u00e9seau participatif. Nous tentons, dans tous nos actions, d\u2019impliquer un maximum les (ex-)habitants de la rue.<\/li>\n<li> <em>Tous les acteurs du secteur d\u2019aide aux personnes sans abri de la R\u00e9gion Bruxelloise<\/em><\/li>\n<li> <em>Tous les acteurs psycho-medico-sociaux de la R\u00e9gion Bruxelloise <\/em><\/li>\n<li> <em>Les services policiers, actifs dans la R\u00e9gion Bruxelloise<\/em><\/li>\n<li> <em>Les acteurs du monde judiciaire <\/em> <\/li>\n<li> <em>Les Administrations Communales  de la R\u00e9gion Bruxelloise:  <\/em><br \/>\nLe Collectif travaille presque au quotidien avec les services d\u2019Etat Civil des communes de Bruxelles et d\u2019Ixelles, en soutien mutuel. Les villes de Bruxelles et d\u2019Ixelles communiquent au Collectif les noms de toutes les personnes indigentes dont elles prennent en charge les obs\u00e8ques.<br \/>\nL&rsquo;Echevin des Cultes de la Ville de Bruxelles apporte un soutien financier pour l\u2019organisation d\u2019une c\u00e9r\u00e9monie de comm\u00e9moration annuelle et pour l\u2019organisation pratique des c\u00e9r\u00e9monies (frais pour les fleurs, pour le transport public,..). Son cabinet est notre interlocuteur privil\u00e9gi\u00e9 aupr\u00e8s de la Ville.<br \/>\nLes autres communes bruxelloises sont en contact avec le Collectif de fa\u00e7on plus ponctuelle, essentiellement pour l\u2019organisation des c\u00e9r\u00e9monies tout au long de l\u2019ann\u00e9e.<\/li>\n<li> <em>Les morgues communales  de la R\u00e9gion Bruxelloise<\/em><\/li>\n<li> <em>Les cimeti\u00e8res de la R\u00e9gion Bruxelloise<\/em><\/li>\n<li> <em>Les Pompes Fun\u00e8bres<\/em> <\/li>\n<li> <em>Les Familles des d\u00e9funts<\/em><br \/>\nLe Collectif tente toujours d\u2019entrer en contact avec les familles des d\u00e9funts. Ces contacts se poursuivent parfois dans la dur\u00e9e : chaque ann\u00e9e, elles sont invit\u00e9es \u00e0 la comm\u00e9moration \u00e0 l\u2019h\u00f4tel de Ville, o\u00f9 elles sont invit\u00e9es \u00e0 s\u2019exprimer si elles le souhaitent. Des membres de familles endeuill\u00e9es participent aussi aux r\u00e9unions du Collectif.<\/li>\n<li> <em>Les Consulats, en particulier le Consulat Polonais <\/em> <\/li>\n<li> <em>Les repr\u00e9sentants des diff\u00e9rents religions et convictions de vie<\/em><\/li>\n<li> <em>La presse<\/em> <\/li>\n<li> <em>Des citoyens impliqu\u00e9s<\/em><\/li>\n<li> <em>Le monde artistique<\/em><br \/>\n\tDes po\u00e8tes, musiciens, dessinateurs, graphistes, com\u00e9diens, auteurs, r\u00e9alisateurs \u2026 mettent aussi leur talent au service des actions du Collectif.<\/li>\n<li> <em>La soci\u00e9t\u00e9 au sens large<\/em><\/li>\n<li> <em>Les Associations dont l\u2019action est proche<\/em><br \/>\nLe Collectif a rencontr\u00e9 les Collectifs de Charleroi, Li\u00e8ge, Namur, Anvers, Gand, a particip\u00e9 au Forum des Associations \u00e0 Paris et Lyon avec les Collectifs de Lyon, Marseille, Paris, Bordeaux, Grenoble, Strasbourg, Angers, Beauvais, Rennes. Nous nous sentons proche de toute initiative locale, nationale et internationale dont les actions se rapprochent des n\u00f4tres.<\/li>\n<\/ul>\n<\/li>\n<\/ul>\n<div id='gallery-1' class='gallery galleryid-194 gallery-columns-3 gallery-size-thumbnail'><figure class='gallery-item'>\n\t\t\t<div class='gallery-icon landscape'>\n\t\t\t\t<a href='https:\/\/www.mortsdelarue.brussels\/wp-content\/uploads\/2016\/06\/10390542_10152565253747938_5912757890260270163_n.jpg'><img decoding=\"async\" width=\"150\" height=\"150\" src=\"https:\/\/www.mortsdelarue.brussels\/wp-content\/uploads\/2016\/06\/10390542_10152565253747938_5912757890260270163_n-150x150.jpg\" class=\"attachment-thumbnail size-thumbnail\" alt=\"10390542_10152565253747938_5912757890260270163_n.jpg\" \/><\/a>\n\t\t\t<\/div><\/figure>\n\t\t<\/div>","protected":false},"excerpt":{"rendered":"<p>Service de police, administration de l\u2019\u00e9tat civil, services sociaux des h\u00f4pitaux, morgues, ambassades, m\u00e9decins l\u00e9gistes, laboratoires, travailleurs sociaux de tous horizons, b\u00e9n\u00e9voles des associations, sans-abris, citoyens lambda, voil\u00e0 tous ceux qui se mobilisent pour faire en sorte que cette personne d\u00e9c\u00e9d\u00e9e ait juste acc\u00e8s \u00e0 son droit le plus \u00e9l\u00e9mentaire : \u00eatre enterr\u00e9e avec un [&hellip;]<\/p>\n","protected":false},"author":1,"featured_media":193,"parent":560,"menu_order":0,"comment_status":"closed","ping_status":"closed","template":"","meta":{"_acf_changed":false,"footnotes":""},"class_list":["post-194","page","type-page","status-publish","has-post-thumbnail","hentry"],"acf":[],"_links":{"self":[{"href":"https:\/\/www.mortsdelarue.brussels\/nl\/wp-json\/wp\/v2\/pages\/194","targetHints":{"allow":["GET"]}}],"collection":[{"href":"https:\/\/www.mortsdelarue.brussels\/nl\/wp-json\/wp\/v2\/pages"}],"about":[{"href":"https:\/\/www.mortsdelarue.brussels\/nl\/wp-json\/wp\/v2\/types\/page"}],"author":[{"embeddable":true,"href":"https:\/\/www.mortsdelarue.brussels\/nl\/wp-json\/wp\/v2\/users\/1"}],"replies":[{"embeddable":true,"href":"https:\/\/www.mortsdelarue.brussels\/nl\/wp-json\/wp\/v2\/comments?post=194"}],"version-history":[{"count":0,"href":"https:\/\/www.mortsdelarue.brussels\/nl\/wp-json\/wp\/v2\/pages\/194\/revisions"}],"up":[{"embeddable":true,"href":"https:\/\/www.mortsdelarue.brussels\/nl\/wp-json\/wp\/v2\/pages\/560"}],"wp:featuredmedia":[{"embeddable":true,"href":"https:\/\/www.mortsdelarue.brussels\/nl\/wp-json\/wp\/v2\/media\/193"}],"wp:attachment":[{"href":"https:\/\/www.mortsdelarue.brussels\/nl\/wp-json\/wp\/v2\/media?parent=194"}],"curies":[{"name":"wp","href":"https:\/\/api.w.org\/{rel}","templated":true}]}}

<p class="post_excerpt"><img fetchpriority="high" decoding="async" class="aligncenter size-full wp-image-193" src="https://www.mortsdelarue.brussels/wp-content/uploads/2016/06/10390542_10152565253747938_5912757890260270163_n.jpg" alt="10390542_10152565253747938_5912757890260270163_n.jpg" align="center" width="960" height="720" /><br />
Service de police, administration de l’état civil, services sociaux des hôpitaux, morgues, ambassades, médecins légistes, laboratoires, travailleurs sociaux de tous horizons, bénévoles des associations, sans-abris, citoyens lambda, voilà tous ceux qui se mobilisent pour faire en sorte que cette personne décédée ait juste accès à son droit le plus élémentaire : être enterrée avec un nom, une nationalité, et si possible, par ou avec sa famille, éventuellement dans sa terre d’origine.
</p>
<p><!--more--><br />
Le travail du Collectif des Morts de la Rue c’est un travail de fourmi.<br />
Retrouver l’identité de celui ou celle qui décède, retrouver les personnes qui l’ont connu(e), organiser l’enterrement, se mettre en quatre pour que cette personne ne soit pas seule ce jour-là, voilà le travail au quotidien du collectif.</p>
<p>Le Collectif est un réseau largement ramifié, qui se structure de la façon suivante : une <strong>coordination</strong>, le <strong>noyau</strong>, les <strong>membres</strong> de notre réseau, le <strong>réseau élargi</strong>.  Ce Collectif est une association de fait.</p>
<ul>
<li>           <strong> Le Noyau </strong> </li>
</ul>
<p>Le « noyau » est composé d’(ex) habitants de la rue, de personnes concernées (famille d’une personne décédée après un parcours de rue, par exemple), d&rsquo;artistes et d’acteurs de terrain, qui se mobilisent régulièrement pour les différentes actions. Parmi les organisations qui sont régulièrement représentées aux réunions, on retrouve entre autres Albatros – CAW Brussel, ATD Quart Monde, Chez Nous asbl, Les Copains du Petit Bitûme asbl, Diogènes asbl, Dune asbl, Les Educateurs de Rue de la Commune de Saint-Gilles, le Front Commun des SDF, Nativitas, La Ruelle, le Collectif des Poètes Bruxellois,&#8230;<br />
Ces personnes et organisations donnent de leur temps pour participer aux réunions, assister aux enterrements, préparer la cérémonie annuelle.  Le temps investi par les uns et les autres est très difficile à estimer ; il varie, en outre, en fonction des moyens de chacun.  Soulignons encore que ces personnes et organisations sont fortement présentes, et cela tout au long de l’année !</p>
<ul>
<li>             <strong>Coordination</strong></li>
</ul>
<p>La coordination de ce Collectif a au départ été assurée par ATD Quart Monde, pendant une période de 6 mois. Depuis mai 2005, c’est l’ASBL Diogènes qui met à disposition les ressources humaines et le soutien logistique nécessaires à la coordination du Collectif.</p>
<ul>
<li>             <strong>Les Membres</strong></li>
</ul>
<p>Notre groupe de membres s’étend continuellement. Tous les membres sont en contact  avec les habitants de la rue en Région Bruxelles Capitale, et souscrivent aux missions du Collectif.</p>
<p>La plupart des membres font partie du secteur d’aide aux personnes sans-abri, mais on y retrouve également des personnes sans-abri, des citoyens, des représentants d’autres associations, des représentants des différents cultes, des artistes,…  Chaque membre est inscrit, via l’adresse mail d’une ou de plusieurs personnes, dans la mailing liste « Réseau » du Collectif, qui regroupe actuellement 142 contacts. Nous considérons cette mailing liste comme l’équivalent du registre des membres du Collectif. Les mails adressés par le Collectif sont traités par nos personnes de contact, lesquelles sont de  véritables portes d’entrée vers d’autres habitants de rue et véhiculent l’information au sein de leur propre organisation, mais aussi ailleurs dans le réseau.<br />
Avant de rejoindre notre réseau de membres, chaque service ou personne est contacté par la coordination du Collectif afin de recevoir une clarification des objectifs et des limites de notre action.</p>
<p>Nous comptons : </p>
<ul>
<ul>
<li> <em>67 Membres du secteur d’aide aux personnes sans-abri (120 contacts email):</em><br />
	Centre Ariane, Armée du Salut – Foyer Georges Motte (2), Article 23, ATD Quart Monde (2), Bravvo, Buurtwinkel,  CAW Brussel &#8211; Albatros, CAW Brussel – l’Armée du Salut – le Foyer (4),  CAW Brussel – Hobo, CAW Brussel – Kodiel, CAW Brussel – Outreach, CAW Brussel – Puerto (2), CAW Brussel – De Schutting (3), CAW Brussel &#8211; Vrienden van het huizeke, CAW Brussel – Woonbegeleiding, Chez Ailes, Chez Nous asbl, Le Clos, Les Copains du Ptit Bitume asbl, Corvia asbl,   l’aDAS,  Diogènes asbl (12 contacts), Doucheflux (2), Dune asbl (3), Educateurs de  Rue de la Commune d’Etterbeek, Educateurs de Rue de la Commune de Saint-Gilles, Entre deux, Fami-Home asbl, La Fontaine (3), Front Commun des Sdf (2),  lhiving vzw, le Home Baudouin (2),  L’hôpital César de Paepe – Saint-Pierre (5), l’Hôpital Saint-Jean (2), Housing First Smes-B, Infirmiers de Rue (2), l‘Ilot, Jes vzw (2), Latitude Nord, La Maison Médicale des Marolles (2), LaMass-Bxl (2), La Maraude de Saint-Josse, Médecins du Monde (6), Nativitas, Le nouveau 150,  Pag-asa, Petits Riens asbl (2), pierre d’Angle (3), La Police Locale du Zone Bruxelles Capitale – Ixelles Team HERSCHAM, Poverello (2), le Projet Lama Anderlecht, Quartier des Libertés (3), le Relais (2), La Ruelle, La Samaritaine, S.Ac.A.Do,  Sant-Egidio ou Kamiano (2),  le SAMU Social (4), SAS-CPAS 1000 Bruxelles, Securail, Smes-B, Solidarité nouvelles, La Source, la STRADA (3), Talita, Transit (2), Un Toit à Soi asbl.  </li>
<li> <em>5 Membres d’autres organisations :</em><br />
	L’Association pour les Inhumations et Crémations,  Axcent asbl, La Bande ASBL (2), Le Conseil Polonais de Belgique, Le Collectif des Poètes Bruxellois.</li>
<li> <em>8 Membres du monde interconvictionnel :</em><br />
L&rsquo;Équipe Pastorale de l&rsquo;Église du Béguinage, l&rsquo;Équipe Pastorale de l&rsquo;Église de Bon Secours, le Service Aumônerie de l’Hôpital Saint-Pierre – César de Paepe, le service Aumônerie de l’Hôpital Brugman – Paul Brien, le Service aumônerie de l’Hôpital Saint-Jean (2), une Sœur de Saint Vincent de Paul, une Sœur de la Congrégation des Franciscaines Missionnaires de Marie.</li>
<li> <em>11 Citoyens :</em><br />
11 citoyens sont impliqués en tant que membre dans le Collectif, parmi lesquels plusieurs  (ex)personnes sans-abri.</li>
</ul>
</li>
</ul>
<ul>
<li>    	<strong>Le Réseau Elargi</strong></li>
</ul>
<p>	Dans le cadre de ses activités, le Collectif est en lien avec encore bien d’autres acteurs. Le nombre total des personnes impliquées est difficile à estimer. Ci-dessous, les principales collaborations sont détaillées.</p>
<ul>
<ul>
<li> <em>Les habitants de la rue de la Région Bruxelloise</em><br />
Le Collectif est un réseau participatif. Nous tentons, dans tous nos actions, d’impliquer un maximum les (ex-)habitants de la rue.</li>
<li> <em>Tous les acteurs du secteur d’aide aux personnes sans abri de la Région Bruxelloise</em></li>
<li> <em>Tous les acteurs psycho-medico-sociaux de la Région Bruxelloise </em></li>
<li> <em>Les services policiers, actifs dans la Région Bruxelloise</em></li>
<li> <em>Les acteurs du monde judiciaire </em> </li>
<li> <em>Les Administrations Communales  de la Région Bruxelloise:  </em><br />
Le Collectif travaille presque au quotidien avec les services d’Etat Civil des communes de Bruxelles et d’Ixelles, en soutien mutuel. Les villes de Bruxelles et d’Ixelles communiquent au Collectif les noms de toutes les personnes indigentes dont elles prennent en charge les obsèques.<br />
L&rsquo;Echevin des Cultes de la Ville de Bruxelles apporte un soutien financier pour l’organisation d’une cérémonie de commémoration annuelle et pour l’organisation pratique des cérémonies (frais pour les fleurs, pour le transport public,..). Son cabinet est notre interlocuteur privilégié auprès de la Ville.<br />
Les autres communes bruxelloises sont en contact avec le Collectif de façon plus ponctuelle, essentiellement pour l’organisation des cérémonies tout au long de l’année.</li>
<li> <em>Les morgues communales  de la Région Bruxelloise</em></li>
<li> <em>Les cimetières de la Région Bruxelloise</em></li>
<li> <em>Les Pompes Funèbres</em> </li>
<li> <em>Les Familles des défunts</em><br />
Le Collectif tente toujours d’entrer en contact avec les familles des défunts. Ces contacts se poursuivent parfois dans la durée : chaque année, elles sont invitées à la commémoration à l’hôtel de Ville, où elles sont invitées à s’exprimer si elles le souhaitent. Des membres de familles endeuillées participent aussi aux réunions du Collectif.</li>
<li> <em>Les Consulats, en particulier le Consulat Polonais </em> </li>
<li> <em>Les représentants des différents religions et convictions de vie</em></li>
<li> <em>La presse</em> </li>
<li> <em>Des citoyens impliqués</em></li>
<li> <em>Le monde artistique</em><br />
	Des poètes, musiciens, dessinateurs, graphistes, comédiens, auteurs, réalisateurs … mettent aussi leur talent au service des actions du Collectif.</li>
<li> <em>La société au sens large</em></li>
<li> <em>Les Associations dont l’action est proche</em><br />
Le Collectif a rencontré les Collectifs de Charleroi, Liège, Namur, Anvers, Gand, a participé au Forum des Associations à Paris et Lyon avec les Collectifs de Lyon, Marseille, Paris, Bordeaux, Grenoble, Strasbourg, Angers, Beauvais, Rennes. Nous nous sentons proche de toute initiative locale, nationale et internationale dont les actions se rapprochent des nôtres.</li>
</ul>
</li>
</ul>
<div id='gallery-1' class='gallery galleryid-194 gallery-columns-3 gallery-size-thumbnail'><figure class='gallery-item'>
			<div class='gallery-icon landscape'>
				<a href='https://www.mortsdelarue.brussels/wp-content/uploads/2016/06/10390542_10152565253747938_5912757890260270163_n.jpg'><img decoding="async" width="150" height="150" src="https://www.mortsdelarue.brussels/wp-content/uploads/2016/06/10390542_10152565253747938_5912757890260270163_n-150x150.jpg" class="attachment-thumbnail size-thumbnail" alt="10390542_10152565253747938_5912757890260270163_n.jpg" /></a>
			</div></figure>
		</div>

<p>Service de police, administration de l’état civil, services sociaux des hôpitaux, morgues, ambassades, médecins légistes, laboratoires, travailleurs sociaux de tous horizons, bénévoles des associations, sans-abris, citoyens lambda, voilà tous ceux qui se mobilisent pour faire en sorte que cette personne décédée ait juste accès à son droit le plus élémentaire : être enterrée avec un [&hellip;]</p>
