{"id":201,"date":"2016-06-14T16:38:08","date_gmt":"2016-06-14T14:38:08","guid":{"rendered":"https:\/\/www.mortsdelarue.brussels\/concepts-et-donnees-chiffrees\/"},"modified":"2024-03-25T12:26:03","modified_gmt":"2024-03-25T11:26:03","slug":"concepts-et-donnees-chiffrees","status":"publish","type":"page","link":"https:\/\/www.mortsdelarue.brussels\/nl\/apropos\/concepts-et-donnees-chiffrees\/","title":{"rendered":"Concepten en figuren"},"content":{"rendered":"\n\n<p class=\"post_excerpt\">Des vies fauch\u00e9es trop t\u00f4t, en partie parce que certaines mesures structurelles ne sont pas d\u00e9cid\u00e9es ou appliqu\u00e9es<\/p>\n\n\n<!--more-->\n<figure id=\"attachment_196\" aria-describedby=\"caption-attachment-196\" style=\"width: 1160px\" class=\"wp-caption aligncenter\"><img fetchpriority=\"high\" decoding=\"async\" class=\" aligncenter size-full wp-image-196\" src=\"https:\/\/www.mortsdelarue.brussels\/wp-content\/uploads\/2016\/06\/andre_foto_wolken.jpg\" alt=\"[fr]Nuages par Andr\u00e9, alias D\u00e9d\u00e9, d\u00e9c\u00e9d\u00e9 en 2014[nl]foto gemaakt door Andr\u00e9, alias D\u00e9d\u00e9, gestorven in 2014\" title=\"[fr]Nuages par Andr\u00e9, alias D\u00e9d\u00e9, d\u00e9c\u00e9d\u00e9 en 2014[nl]foto gemaakt door Andr\u00e9, alias D\u00e9d\u00e9, gestorven in 2014\" class=\"caption\" align=\"center\" width=\"1160\" height=\"778\" srcset=\"https:\/\/www.mortsdelarue.brussels\/wp-content\/uploads\/2016\/06\/andre_foto_wolken.jpg 1160w, https:\/\/www.mortsdelarue.brussels\/wp-content\/uploads\/2016\/06\/andre_foto_wolken-300x201.jpg 300w, https:\/\/www.mortsdelarue.brussels\/wp-content\/uploads\/2016\/06\/andre_foto_wolken-1024x687.jpg 1024w, https:\/\/www.mortsdelarue.brussels\/wp-content\/uploads\/2016\/06\/andre_foto_wolken-768x515.jpg 768w\" sizes=\"(max-width: 1160px) 100vw, 1160px\" \/><figcaption id=\"caption-attachment-196\" class=\"wp-caption-text\">[fr]Nuages par Andr\u00e9, alias D\u00e9d\u00e9, d\u00e9c\u00e9d\u00e9 en 2014[nl]foto gemaakt door Andr\u00e9, alias D\u00e9d\u00e9, gestorven in 2014<\/figcaption><\/figure>\n<strong>Concepts<\/strong>\nPour le Collectif, les \u00ab\u00a0Morts de la Rue\u00a0\u00bb sont les personnes d\u00e9c\u00e9d\u00e9es qui ont connu, \u00e0 un moment de leur existence, la vie en rue. Un \u00ab\u00a0indigent\u00a0\u00bb est quant \u00e0 lui une personne dont les obs\u00e8ques ne peuvent \u00eatre pay\u00e9es (ni par ses proches, ni par ses fonds propres). \n\nLa \u00ab\u00a0pelouse 41\u00a0\u00bb, ou avant la pelouse 36 du cimeti\u00e8re de Bruxelles \u00e0 Evere, est la parcelle r\u00e9serv\u00e9e aux concessions de 5 ans, dur\u00e9e minimale d\u2019une concession. Elle n\u2019est pas r\u00e9serv\u00e9e exclusivement aux inhumations prises en charge financi\u00e8rement par la Ville de Bruxelles.  \n\n<strong>Donn\u00e9es chiffr\u00e9es<\/strong>\n\n<a href=\"https:\/\/www.mortsdelarue.brussels\/wp-content\/uploads\/2016\/06\/21.15-jaar-collectief-straatdoden-persmap.docx.pdf\">Persmap 15 jaar<\/a> <a href=\"https:\/\/www.mortsdelarue.brussels\/wp-content\/uploads\/2016\/06\/21.15-ans-collectif-dossier_de_presse.docx.pdf\">Chiffres 15 ans<\/a>\nDepuis que le Collectif existe, nous r\u00e9coltons un certain nombre de donn\u00e9es qui nous aident \u00e0 mieux cerner la r\u00e9alit\u00e9 de la vie en rue. Ce donn\u00e9es ne sont pas les r\u00e9sultats d&rsquo;un travail scientifique, mais sont, selon nos connaissances, d\u00e9sormais les seuls donn\u00e9es concernant la mortalit\u00e9 des personnes sans abri \u00e0 Bruxelles, et in extenso en Belgique. \nVous pouvez consulter ici les chiffres sur les 15 premi\u00e8res ann\u00e9es du Collectif\n\n<a href=\"https:\/\/www.mortsdelarue.brussels\/wp-content\/uploads\/2016\/06\/ra_col_2015.pdf\">RA 2015<\/a> \nIci vous pouvez consulter les chiffres sur les dix premiers ann\u00e9es d\u00e9puis la cr\u00e9ation du collectif (2005-2015). \n\n<strong>Appel \u00e0 la politique: logement non-saisonni\u00e8re<\/strong>\nEntre 2008 et 2018 la population des habitants de la rue a la r\u00e9gion de Bruxelles Capitale a augment\u00e9 de 142% lorsque le nombre des places disponibles dans les maisons d&rsquo;accueil a augment\u00e9 de 15,9% (BSI Brussels, 2019). Cet \u00e9norme augmentation d&rsquo;habitants de la rue souligne \u00e0 nouveau l&rsquo;importance du collectif. \n\n<img decoding=\"async\" class=\" aligncenter size-full wp-image-200\" src=\"https:\/\/www.mortsdelarue.brussels\/wp-content\/uploads\/2016\/06\/screen_shot_2020-12-14_at_12.17.54.png\" alt=\"screen_shot_2020-12-14_at_12.17.54.png\" align=\"center\" width=\"1083\" height=\"448\" \/>\nChaque ann\u00e9e, le collectif enregistre des d\u00e9c\u00e8s r\u00e9partis tout au long de l\u2019ann\u00e9e, comme visible dans le graphique ci-dessus. Nous voulons explicitement appeler les pouvoirs publics comp\u00e9tents,  notamment les diff\u00e9rents Pouvoirs Communaux de la R\u00e9gion Bruxelloise et les Gouvernements Bruxellois, Wallons, Flamands et F\u00e9d\u00e9raux, \u00e0 investir encore plus dans des mesures qui aident vraiment \u00e0 sortir les gens de la rue et leurs offrent un nouveau futur. \n\nNous plaidons pour une r\u00e9duction des listes d\u2019attente pour les logements sociaux, pour l\u2019augmentation du revenu minimum proportionnellement au co\u00fbt d\u2019un logement d\u00e9cent, et pour l\u2019\u00e9largissement de l\u2019offre de solutions de logement et d\u2019accompagnement sur mesure des personnes sans abri.\n\n\n\nPour consulter tout le rapport de BSI Brussels vous pouvez suivre le lien:\nhttps:\/\/journals.openedition.org\/brussels\/3944\n<div id='gallery-1' class='gallery galleryid-201 gallery-columns-3 gallery-size-thumbnail'><figure class='gallery-item'>\n\t\t\t<div class='gallery-icon landscape'>\n\t\t\t\t<a href='https:\/\/www.mortsdelarue.brussels\/wp-content\/uploads\/2016\/06\/andre_foto_wolken.jpg'><img decoding=\"async\" width=\"150\" height=\"150\" src=\"https:\/\/www.mortsdelarue.brussels\/wp-content\/uploads\/2016\/06\/andre_foto_wolken-150x150.jpg\" class=\"attachment-thumbnail size-thumbnail\" alt=\"[fr]Nuages par Andr\u00e9, alias D\u00e9d\u00e9, d\u00e9c\u00e9d\u00e9 en 2014[nl]foto gemaakt door Andr\u00e9, alias D\u00e9d\u00e9, gestorven in 2014\" aria-describedby=\"gallery-1-196\" \/><\/a>\n\t\t\t<\/div>\n\t\t\t\t<figcaption class='wp-caption-text gallery-caption' id='gallery-1-196'>\n\t\t\t\t[fr]Nuages par Andr\u00e9, alias D\u00e9d\u00e9, d\u00e9c\u00e9d\u00e9 en 2014[nl]foto gemaakt door Andr\u00e9, alias D\u00e9d\u00e9, gestorven in 2014\n\t\t\t\t<\/figcaption><\/figure><figure class='gallery-item'>\n\t\t\t<div class='gallery-icon landscape'>\n\t\t\t\t<a href='https:\/\/www.mortsdelarue.brussels\/wp-content\/uploads\/2016\/06\/screen_shot_2020-12-14_at_12.17.54.png'><img loading=\"lazy\" decoding=\"async\" width=\"150\" height=\"150\" src=\"https:\/\/www.mortsdelarue.brussels\/wp-content\/uploads\/2016\/06\/screen_shot_2020-12-14_at_12.17.54-150x150.png\" class=\"attachment-thumbnail size-thumbnail\" alt=\"screen_shot_2020-12-14_at_12.17.54.png\" \/><\/a>\n\t\t\t<\/div><\/figure>\n\t\t<\/div>\n\n<h2 class=\"wp-block-heading\">Documents joints<\/h2>\n\n\n\n<div class=\"wp-block-file\"><a href=\"https:\/\/www.mortsdelarue.brussels\/wp-content\/uploads\/2016\/08\/ra_col_2015.pdf\">RA 2015<\/a><\/div>\n\n\n\n<div class=\"wp-block-file\"><a href=\"https:\/\/www.mortsdelarue.brussels\/wp-content\/uploads\/2021\/11\/21.15-ans-collectif-dossier_de_presse.docx.pdf\">Chiffres 15 ans<\/a><\/div>\n\n\n\n<div class=\"wp-block-file\"><a href=\"https:\/\/www.mortsdelarue.brussels\/wp-content\/uploads\/2021\/11\/21.15-jaar-collectief-straatdoden-persmap.docx.pdf\">Persmap 15 jaar<\/a><\/div>\n\n\n","protected":false},"excerpt":{"rendered":"<p>Des vies fauch\u00e9es trop t\u00f4t, en partie parce que certaines mesures structurelles ne sont pas d\u00e9cid\u00e9es ou appliqu\u00e9es<\/p>","protected":false},"author":1,"featured_media":196,"parent":560,"menu_order":1,"comment_status":"closed","ping_status":"closed","template":"","meta":{"_acf_changed":false,"footnotes":""},"class_list":["post-201","page","type-page","status-publish","has-post-thumbnail","hentry"],"acf":[],"_links":{"self":[{"href":"https:\/\/www.mortsdelarue.brussels\/nl\/wp-json\/wp\/v2\/pages\/201","targetHints":{"allow":["GET"]}}],"collection":[{"href":"https:\/\/www.mortsdelarue.brussels\/nl\/wp-json\/wp\/v2\/pages"}],"about":[{"href":"https:\/\/www.mortsdelarue.brussels\/nl\/wp-json\/wp\/v2\/types\/page"}],"author":[{"embeddable":true,"href":"https:\/\/www.mortsdelarue.brussels\/nl\/wp-json\/wp\/v2\/users\/1"}],"replies":[{"embeddable":true,"href":"https:\/\/www.mortsdelarue.brussels\/nl\/wp-json\/wp\/v2\/comments?post=201"}],"version-history":[{"count":0,"href":"https:\/\/www.mortsdelarue.brussels\/nl\/wp-json\/wp\/v2\/pages\/201\/revisions"}],"up":[{"embeddable":true,"href":"https:\/\/www.mortsdelarue.brussels\/nl\/wp-json\/wp\/v2\/pages\/560"}],"wp:featuredmedia":[{"embeddable":true,"href":"https:\/\/www.mortsdelarue.brussels\/nl\/wp-json\/wp\/v2\/media\/196"}],"wp:attachment":[{"href":"https:\/\/www.mortsdelarue.brussels\/nl\/wp-json\/wp\/v2\/media?parent=201"}],"curies":[{"name":"wp","href":"https:\/\/api.w.org\/{rel}","templated":true}]}}

<p class="post_excerpt">Des vies fauchées trop tôt, en partie parce que certaines mesures structurelles ne sont pas décidées ou appliquées</p>


<!--more-->
<figure id="attachment_196" aria-describedby="caption-attachment-196" style="width: 1160px" class="wp-caption aligncenter"><img fetchpriority="high" decoding="async" class=" aligncenter size-full wp-image-196" src="https://www.mortsdelarue.brussels/wp-content/uploads/2016/06/andre_foto_wolken.jpg" alt="[fr]Nuages par André, alias Dédé, décédé en 2014[nl]foto gemaakt door André, alias Dédé, gestorven in 2014" title="[fr]Nuages par André, alias Dédé, décédé en 2014[nl]foto gemaakt door André, alias Dédé, gestorven in 2014" class="caption" align="center" width="1160" height="778" srcset="https://www.mortsdelarue.brussels/wp-content/uploads/2016/06/andre_foto_wolken.jpg 1160w, https://www.mortsdelarue.brussels/wp-content/uploads/2016/06/andre_foto_wolken-300x201.jpg 300w, https://www.mortsdelarue.brussels/wp-content/uploads/2016/06/andre_foto_wolken-1024x687.jpg 1024w, https://www.mortsdelarue.brussels/wp-content/uploads/2016/06/andre_foto_wolken-768x515.jpg 768w" sizes="(max-width: 1160px) 100vw, 1160px" /><figcaption id="caption-attachment-196" class="wp-caption-text">[fr]Nuages par André, alias Dédé, décédé en 2014[nl]foto gemaakt door André, alias Dédé, gestorven in 2014</figcaption></figure>
<strong>Concepts</strong>
Pour le Collectif, les « Morts de la Rue » sont les personnes décédées qui ont connu, à un moment de leur existence, la vie en rue. Un « indigent » est quant à lui une personne dont les obsèques ne peuvent être payées (ni par ses proches, ni par ses fonds propres). 

La « pelouse 41 », ou avant la pelouse 36 du cimetière de Bruxelles à Evere, est la parcelle réservée aux concessions de 5 ans, durée minimale d’une concession. Elle n’est pas réservée exclusivement aux inhumations prises en charge financièrement par la Ville de Bruxelles.  

<strong>Données chiffrées</strong>

<a href="https://www.mortsdelarue.brussels/wp-content/uploads/2016/06/21.15-jaar-collectief-straatdoden-persmap.docx.pdf">Persmap 15 jaar</a> <a href="https://www.mortsdelarue.brussels/wp-content/uploads/2016/06/21.15-ans-collectif-dossier_de_presse.docx.pdf">Chiffres 15 ans</a>
Depuis que le Collectif existe, nous récoltons un certain nombre de données qui nous aident à mieux cerner la réalité de la vie en rue. Ce données ne sont pas les résultats d&rsquo;un travail scientifique, mais sont, selon nos connaissances, désormais les seuls données concernant la mortalité des personnes sans abri à Bruxelles, et in extenso en Belgique. 
Vous pouvez consulter ici les chiffres sur les 15 premières années du Collectif

<a href="https://www.mortsdelarue.brussels/wp-content/uploads/2016/06/ra_col_2015.pdf">RA 2015</a> 
Ici vous pouvez consulter les chiffres sur les dix premiers années dépuis la création du collectif (2005-2015). 

<strong>Appel à la politique: logement non-saisonnière</strong>
Entre 2008 et 2018 la population des habitants de la rue a la région de Bruxelles Capitale a augmenté de 142% lorsque le nombre des places disponibles dans les maisons d&rsquo;accueil a augmenté de 15,9% (BSI Brussels, 2019). Cet énorme augmentation d&rsquo;habitants de la rue souligne à nouveau l&rsquo;importance du collectif. 

<img decoding="async" class=" aligncenter size-full wp-image-200" src="https://www.mortsdelarue.brussels/wp-content/uploads/2016/06/screen_shot_2020-12-14_at_12.17.54.png" alt="screen_shot_2020-12-14_at_12.17.54.png" align="center" width="1083" height="448" />
Chaque année, le collectif enregistre des décès répartis tout au long de l’année, comme visible dans le graphique ci-dessus. Nous voulons explicitement appeler les pouvoirs publics compétents,  notamment les différents Pouvoirs Communaux de la Région Bruxelloise et les Gouvernements Bruxellois, Wallons, Flamands et Fédéraux, à investir encore plus dans des mesures qui aident vraiment à sortir les gens de la rue et leurs offrent un nouveau futur. 

Nous plaidons pour une réduction des listes d’attente pour les logements sociaux, pour l’augmentation du revenu minimum proportionnellement au coût d’un logement décent, et pour l’élargissement de l’offre de solutions de logement et d’accompagnement sur mesure des personnes sans abri.



Pour consulter tout le rapport de BSI Brussels vous pouvez suivre le lien:
https://journals.openedition.org/brussels/3944
<div id='gallery-1' class='gallery galleryid-201 gallery-columns-3 gallery-size-thumbnail'><figure class='gallery-item'>
			<div class='gallery-icon landscape'>
				<a href='https://www.mortsdelarue.brussels/wp-content/uploads/2016/06/andre_foto_wolken.jpg'><img decoding="async" width="150" height="150" src="https://www.mortsdelarue.brussels/wp-content/uploads/2016/06/andre_foto_wolken-150x150.jpg" class="attachment-thumbnail size-thumbnail" alt="[fr]Nuages par André, alias Dédé, décédé en 2014[nl]foto gemaakt door André, alias Dédé, gestorven in 2014" aria-describedby="gallery-1-196" /></a>
			</div>
				<figcaption class='wp-caption-text gallery-caption' id='gallery-1-196'>
				[fr]Nuages par André, alias Dédé, décédé en 2014[nl]foto gemaakt door André, alias Dédé, gestorven in 2014
				</figcaption></figure><figure class='gallery-item'>
			<div class='gallery-icon landscape'>
				<a href='https://www.mortsdelarue.brussels/wp-content/uploads/2016/06/screen_shot_2020-12-14_at_12.17.54.png'><img loading="lazy" decoding="async" width="150" height="150" src="https://www.mortsdelarue.brussels/wp-content/uploads/2016/06/screen_shot_2020-12-14_at_12.17.54-150x150.png" class="attachment-thumbnail size-thumbnail" alt="screen_shot_2020-12-14_at_12.17.54.png" /></a>
			</div></figure>
		</div>

<h2 class="wp-block-heading">Documents joints</h2>



<div class="wp-block-file"><a href="https://www.mortsdelarue.brussels/wp-content/uploads/2016/08/ra_col_2015.pdf">RA 2015</a></div>



<div class="wp-block-file"><a href="https://www.mortsdelarue.brussels/wp-content/uploads/2021/11/21.15-ans-collectif-dossier_de_presse.docx.pdf">Chiffres 15 ans</a></div>



<div class="wp-block-file"><a href="https://www.mortsdelarue.brussels/wp-content/uploads/2021/11/21.15-jaar-collectief-straatdoden-persmap.docx.pdf">Persmap 15 jaar</a></div>

<p>Des vies fauchées trop tôt, en partie parce que certaines mesures structurelles ne sont pas décidées ou appliquées</p>
